{"id":107,"date":"2022-10-29T11:57:48","date_gmt":"2022-10-29T11:57:48","guid":{"rendered":"https:\/\/moebel-schroeder.net\/index.html\/?page_id=107"},"modified":"2022-11-04T17:16:26","modified_gmt":"2022-11-04T17:16:26","slug":"belag-html","status":"publish","type":"page","link":"https:\/\/moebel-schroeder.net\/index.html\/belag-html\/","title":{"rendered":"Bodenbel\u00e4ge"},"content":{"rendered":"\n<p>R\u00e4ume gestalten durch verschiedenste Bodenbel\u00e4ge, wie zum Beispiel:<\/p>\n\n\n\n<ul class=\"wp-block-list\">\n<li>Teppichb\u00f6den<\/li>\n\n\n\n<li>Parkett oder Laminat<\/li>\n\n\n\n<li>Kork<\/li>\n\n\n\n<li>Designboden (Vinylclick oder Dryback)<\/li>\n\n\n\n<li>PVC-Belag<\/li>\n<\/ul>\n\n\n\n<p>Ein hochwertiger Teppichboden zeichnet sich aus durch Robustheit, Trittkomfort, Langlebigkeit, Pflegeleichtigkeit und ist die beste Voraussetzung f\u00fcr eine gelungene Raumgestaltung. Bei uns finden Sie eine gro\u00dfe Farb- und Qualit\u00e4tsauswahl. <\/p>\n\n\n\n<figure class=\"wp-block-gallery has-nested-images columns-default is-cropped wp-block-gallery-1 is-layout-flex wp-block-gallery-is-layout-flex\">\n<figure class=\"wp-block-image size-large\"><img loading=\"lazy\" decoding=\"async\" width=\"784\" height=\"784\" data-id=\"204\" src=\"http:\/\/moebel-schroeder.net\/wp-content\/uploads\/2022\/11\/7261840003-R-SQUARE-de-product-detail-format.jpg\" alt=\"\" class=\"wp-image-204\" srcset=\"https:\/\/moebel-schroeder.net\/wp-content\/uploads\/2022\/11\/7261840003-R-SQUARE-de-product-detail-format.jpg 784w, https:\/\/moebel-schroeder.net\/wp-content\/uploads\/2022\/11\/7261840003-R-SQUARE-de-product-detail-format-300x300.jpg 300w, https:\/\/moebel-schroeder.net\/wp-content\/uploads\/2022\/11\/7261840003-R-SQUARE-de-product-detail-format-150x150.jpg 150w, https:\/\/moebel-schroeder.net\/wp-content\/uploads\/2022\/11\/7261840003-R-SQUARE-de-product-detail-format-768x768.jpg 768w\" sizes=\"auto, (max-width: 784px) 100vw, 784px\" \/><\/figure>\n\n\n\n<figure class=\"wp-block-image size-large\"><img loading=\"lazy\" decoding=\"async\" width=\"784\" height=\"784\" data-id=\"203\" src=\"http:\/\/moebel-schroeder.net\/wp-content\/uploads\/2022\/11\/7268340007-R-SQUARE-de-product-detail-format.jpg\" alt=\"\" class=\"wp-image-203\" srcset=\"https:\/\/moebel-schroeder.net\/wp-content\/uploads\/2022\/11\/7268340007-R-SQUARE-de-product-detail-format.jpg 784w, https:\/\/moebel-schroeder.net\/wp-content\/uploads\/2022\/11\/7268340007-R-SQUARE-de-product-detail-format-300x300.jpg 300w, https:\/\/moebel-schroeder.net\/wp-content\/uploads\/2022\/11\/7268340007-R-SQUARE-de-product-detail-format-150x150.jpg 150w, https:\/\/moebel-schroeder.net\/wp-content\/uploads\/2022\/11\/7268340007-R-SQUARE-de-product-detail-format-768x768.jpg 768w\" sizes=\"auto, (max-width: 784px) 100vw, 784px\" \/><\/figure>\n\n\n\n<figure class=\"wp-block-image size-large\"><img loading=\"lazy\" decoding=\"async\" width=\"690\" height=\"498\" data-id=\"202\" src=\"http:\/\/moebel-schroeder.net\/wp-content\/uploads\/2022\/11\/blog-kollektion-sprint-galerie2-imageGalleryZoom-l-format.jpg\" alt=\"\" class=\"wp-image-202\" srcset=\"https:\/\/moebel-schroeder.net\/wp-content\/uploads\/2022\/11\/blog-kollektion-sprint-galerie2-imageGalleryZoom-l-format.jpg 690w, https:\/\/moebel-schroeder.net\/wp-content\/uploads\/2022\/11\/blog-kollektion-sprint-galerie2-imageGalleryZoom-l-format-300x217.jpg 300w\" sizes=\"auto, (max-width: 690px) 100vw, 690px\" \/><\/figure>\n<\/figure>\n\n\n\n<p><\/p>\n\n\n\n<p>W\u00e4hlen Sie zwischen den beiden Varianten von Desingboden, Click oder Dryback in Holz oder Steinoptik sowie dem passenden Zubeh\u00f6r (Schienen, Profile und Sockelleisten in gro\u00dfer Farbauswahl). Da bleiben keine W\u00fcnsche offen. Wir bieten Ihnen optimale L\u00f6sungen in der Bodengestaltung. Ein PVC-Belag l\u00e4sst sich mit etwas weniger Aufwand austauschen.  <\/p>\n\n\n\n<figure class=\"wp-block-gallery has-nested-images columns-default is-cropped wp-block-gallery-2 is-layout-flex wp-block-gallery-is-layout-flex\">\n<figure class=\"wp-block-image size-large\"><img loading=\"lazy\" decoding=\"async\" width=\"784\" height=\"784\" data-id=\"208\" src=\"http:\/\/moebel-schroeder.net\/wp-content\/uploads\/2022\/11\/square-000000007051820006-R.jpg\" alt=\"\" class=\"wp-image-208\" srcset=\"https:\/\/moebel-schroeder.net\/wp-content\/uploads\/2022\/11\/square-000000007051820006-R.jpg 784w, https:\/\/moebel-schroeder.net\/wp-content\/uploads\/2022\/11\/square-000000007051820006-R-300x300.jpg 300w, https:\/\/moebel-schroeder.net\/wp-content\/uploads\/2022\/11\/square-000000007051820006-R-150x150.jpg 150w, https:\/\/moebel-schroeder.net\/wp-content\/uploads\/2022\/11\/square-000000007051820006-R-768x768.jpg 768w\" sizes=\"auto, (max-width: 784px) 100vw, 784px\" \/><figcaption class=\"wp-element-caption\">Vinylbelag in Holzoptik<\/figcaption><\/figure>\n\n\n\n<figure class=\"wp-block-image size-large\"><img loading=\"lazy\" decoding=\"async\" width=\"784\" height=\"784\" data-id=\"212\" src=\"http:\/\/moebel-schroeder.net\/wp-content\/uploads\/2022\/11\/75001184-R-SQUARE-de-product-detail-format.jpg\" alt=\"\" class=\"wp-image-212\" srcset=\"https:\/\/moebel-schroeder.net\/wp-content\/uploads\/2022\/11\/75001184-R-SQUARE-de-product-detail-format.jpg 784w, https:\/\/moebel-schroeder.net\/wp-content\/uploads\/2022\/11\/75001184-R-SQUARE-de-product-detail-format-300x300.jpg 300w, https:\/\/moebel-schroeder.net\/wp-content\/uploads\/2022\/11\/75001184-R-SQUARE-de-product-detail-format-150x150.jpg 150w, https:\/\/moebel-schroeder.net\/wp-content\/uploads\/2022\/11\/75001184-R-SQUARE-de-product-detail-format-768x768.jpg 768w\" sizes=\"auto, (max-width: 784px) 100vw, 784px\" \/><figcaption class=\"wp-element-caption\">Parkett<\/figcaption><\/figure>\n\n\n\n<figure class=\"wp-block-image size-large\"><img loading=\"lazy\" decoding=\"async\" width=\"784\" height=\"784\" data-id=\"207\" src=\"http:\/\/moebel-schroeder.net\/wp-content\/uploads\/2022\/11\/75001186-R-SQUARE-de-product-detail-format.jpg\" alt=\"\" class=\"wp-image-207\" srcset=\"https:\/\/moebel-schroeder.net\/wp-content\/uploads\/2022\/11\/75001186-R-SQUARE-de-product-detail-format.jpg 784w, https:\/\/moebel-schroeder.net\/wp-content\/uploads\/2022\/11\/75001186-R-SQUARE-de-product-detail-format-300x300.jpg 300w, https:\/\/moebel-schroeder.net\/wp-content\/uploads\/2022\/11\/75001186-R-SQUARE-de-product-detail-format-150x150.jpg 150w, https:\/\/moebel-schroeder.net\/wp-content\/uploads\/2022\/11\/75001186-R-SQUARE-de-product-detail-format-768x768.jpg 768w\" sizes=\"auto, (max-width: 784px) 100vw, 784px\" \/><figcaption class=\"wp-element-caption\">Designbelag<\/figcaption><\/figure>\n\n\n\n<figure class=\"wp-block-image size-large\"><img loading=\"lazy\" decoding=\"async\" width=\"784\" height=\"784\" data-id=\"206\" src=\"http:\/\/moebel-schroeder.net\/wp-content\/uploads\/2022\/11\/75001194-R-SQUARE-de-product-detail-format.jpg\" alt=\"\" class=\"wp-image-206\" srcset=\"https:\/\/moebel-schroeder.net\/wp-content\/uploads\/2022\/11\/75001194-R-SQUARE-de-product-detail-format.jpg 784w, https:\/\/moebel-schroeder.net\/wp-content\/uploads\/2022\/11\/75001194-R-SQUARE-de-product-detail-format-300x300.jpg 300w, https:\/\/moebel-schroeder.net\/wp-content\/uploads\/2022\/11\/75001194-R-SQUARE-de-product-detail-format-150x150.jpg 150w, https:\/\/moebel-schroeder.net\/wp-content\/uploads\/2022\/11\/75001194-R-SQUARE-de-product-detail-format-768x768.jpg 768w\" sizes=\"auto, (max-width: 784px) 100vw, 784px\" \/><figcaption class=\"wp-element-caption\">75001194<\/figcaption><\/figure>\n\n\n\n<figure class=\"wp-block-image size-large\"><img loading=\"lazy\" decoding=\"async\" width=\"784\" height=\"784\" data-id=\"211\" src=\"http:\/\/moebel-schroeder.net\/wp-content\/uploads\/2022\/11\/7052240021-R41-SQUARE-de-product-detail-format.jpg\" alt=\"\" class=\"wp-image-211\" srcset=\"https:\/\/moebel-schroeder.net\/wp-content\/uploads\/2022\/11\/7052240021-R41-SQUARE-de-product-detail-format.jpg 784w, https:\/\/moebel-schroeder.net\/wp-content\/uploads\/2022\/11\/7052240021-R41-SQUARE-de-product-detail-format-300x300.jpg 300w, https:\/\/moebel-schroeder.net\/wp-content\/uploads\/2022\/11\/7052240021-R41-SQUARE-de-product-detail-format-150x150.jpg 150w, https:\/\/moebel-schroeder.net\/wp-content\/uploads\/2022\/11\/7052240021-R41-SQUARE-de-product-detail-format-768x768.jpg 768w\" sizes=\"auto, (max-width: 784px) 100vw, 784px\" \/><figcaption class=\"wp-element-caption\">PVC-Belag<\/figcaption><\/figure>\n\n\n\n<figure class=\"wp-block-image size-large\"><img loading=\"lazy\" decoding=\"async\" width=\"784\" height=\"784\" data-id=\"209\" src=\"http:\/\/moebel-schroeder.net\/wp-content\/uploads\/2022\/11\/7056540009-R-SQUARE-de-product-detail-format.jpg\" alt=\"\" class=\"wp-image-209\" srcset=\"https:\/\/moebel-schroeder.net\/wp-content\/uploads\/2022\/11\/7056540009-R-SQUARE-de-product-detail-format.jpg 784w, https:\/\/moebel-schroeder.net\/wp-content\/uploads\/2022\/11\/7056540009-R-SQUARE-de-product-detail-format-300x300.jpg 300w, https:\/\/moebel-schroeder.net\/wp-content\/uploads\/2022\/11\/7056540009-R-SQUARE-de-product-detail-format-150x150.jpg 150w, https:\/\/moebel-schroeder.net\/wp-content\/uploads\/2022\/11\/7056540009-R-SQUARE-de-product-detail-format-768x768.jpg 768w\" sizes=\"auto, (max-width: 784px) 100vw, 784px\" \/><figcaption class=\"wp-element-caption\">PVC-Belag<\/figcaption><\/figure>\n\n\n\n<figure class=\"wp-block-image size-large\"><img loading=\"lazy\" decoding=\"async\" width=\"784\" height=\"784\" data-id=\"210\" src=\"http:\/\/moebel-schroeder.net\/wp-content\/uploads\/2022\/11\/7056640006-R-SQUARE-de-product-detail-format.jpg\" alt=\"\" class=\"wp-image-210\" srcset=\"https:\/\/moebel-schroeder.net\/wp-content\/uploads\/2022\/11\/7056640006-R-SQUARE-de-product-detail-format.jpg 784w, https:\/\/moebel-schroeder.net\/wp-content\/uploads\/2022\/11\/7056640006-R-SQUARE-de-product-detail-format-300x300.jpg 300w, https:\/\/moebel-schroeder.net\/wp-content\/uploads\/2022\/11\/7056640006-R-SQUARE-de-product-detail-format-150x150.jpg 150w, https:\/\/moebel-schroeder.net\/wp-content\/uploads\/2022\/11\/7056640006-R-SQUARE-de-product-detail-format-768x768.jpg 768w\" sizes=\"auto, (max-width: 784px) 100vw, 784px\" \/><\/figure>\n\n\n\n<figure class=\"wp-block-image size-large\"><img loading=\"lazy\" decoding=\"async\" width=\"784\" height=\"784\" data-id=\"213\" src=\"http:\/\/moebel-schroeder.net\/wp-content\/uploads\/2022\/11\/7062040005-R-SQUARE-de-product-detail-format.jpg\" alt=\"\" class=\"wp-image-213\" srcset=\"https:\/\/moebel-schroeder.net\/wp-content\/uploads\/2022\/11\/7062040005-R-SQUARE-de-product-detail-format.jpg 784w, https:\/\/moebel-schroeder.net\/wp-content\/uploads\/2022\/11\/7062040005-R-SQUARE-de-product-detail-format-300x300.jpg 300w, https:\/\/moebel-schroeder.net\/wp-content\/uploads\/2022\/11\/7062040005-R-SQUARE-de-product-detail-format-150x150.jpg 150w, https:\/\/moebel-schroeder.net\/wp-content\/uploads\/2022\/11\/7062040005-R-SQUARE-de-product-detail-format-768x768.jpg 768w\" sizes=\"auto, (max-width: 784px) 100vw, 784px\" \/><\/figure>\n\n\n\n<figure class=\"wp-block-image size-large\"><img loading=\"lazy\" decoding=\"async\" width=\"784\" height=\"784\" data-id=\"214\" src=\"http:\/\/moebel-schroeder.net\/wp-content\/uploads\/2022\/11\/7108181002-R-SQUARE-de-product-detail-format.jpg\" alt=\"\" class=\"wp-image-214\" srcset=\"https:\/\/moebel-schroeder.net\/wp-content\/uploads\/2022\/11\/7108181002-R-SQUARE-de-product-detail-format.jpg 784w, https:\/\/moebel-schroeder.net\/wp-content\/uploads\/2022\/11\/7108181002-R-SQUARE-de-product-detail-format-300x300.jpg 300w, https:\/\/moebel-schroeder.net\/wp-content\/uploads\/2022\/11\/7108181002-R-SQUARE-de-product-detail-format-150x150.jpg 150w, https:\/\/moebel-schroeder.net\/wp-content\/uploads\/2022\/11\/7108181002-R-SQUARE-de-product-detail-format-768x768.jpg 768w\" sizes=\"auto, (max-width: 784px) 100vw, 784px\" \/><figcaption class=\"wp-element-caption\">Vinyl in Betonoptik<\/figcaption><\/figure>\n\n\n\n<figure class=\"wp-block-image size-large\"><img loading=\"lazy\" decoding=\"async\" width=\"784\" height=\"784\" data-id=\"215\" src=\"http:\/\/moebel-schroeder.net\/wp-content\/uploads\/2022\/11\/7108181004-R-SQUARE-de-product-detail-format.jpg\" alt=\"\" class=\"wp-image-215\" srcset=\"https:\/\/moebel-schroeder.net\/wp-content\/uploads\/2022\/11\/7108181004-R-SQUARE-de-product-detail-format.jpg 784w, https:\/\/moebel-schroeder.net\/wp-content\/uploads\/2022\/11\/7108181004-R-SQUARE-de-product-detail-format-300x300.jpg 300w, https:\/\/moebel-schroeder.net\/wp-content\/uploads\/2022\/11\/7108181004-R-SQUARE-de-product-detail-format-150x150.jpg 150w, https:\/\/moebel-schroeder.net\/wp-content\/uploads\/2022\/11\/7108181004-R-SQUARE-de-product-detail-format-768x768.jpg 768w\" sizes=\"auto, (max-width: 784px) 100vw, 784px\" \/><figcaption class=\"wp-element-caption\">Designbelag in Steinoptik<\/figcaption><\/figure>\n<\/figure>\n\n\n\n<p><\/p>\n\n\n\n<p>Wir beraten Sie gerne.<\/p>\n\n\n\n<p>Ihr Team von M\u00f6bel &amp; Teppich Schr\u00f6der<\/p>\n","protected":false},"excerpt":{"rendered":"<p>R\u00e4ume gestalten durch verschiedenste Bodenbel\u00e4ge, wie zum Beispiel: Ein hochwertiger Teppichboden zeichnet sich aus durch Robustheit, Trittkomfort, Langlebigkeit, Pflegeleichtigkeit und ist die beste Voraussetzung f\u00fcr eine gelungene Raumgestaltung. Bei uns finden Sie eine gro\u00dfe Farb- und Qualit\u00e4tsauswahl. W\u00e4hlen Sie zwischen den beiden Varianten von Desingboden, Click oder Dryback in Holz oder Steinoptik sowie dem passenden [&hellip;]<\/p>\n","protected":false},"author":1,"featured_media":0,"parent":0,"menu_order":0,"comment_status":"closed","ping_status":"closed","template":"","meta":{"footnotes":""},"class_list":["post-107","page","type-page","status-publish","hentry"],"_links":{"self":[{"href":"https:\/\/moebel-schroeder.net\/index.html\/wp-json\/wp\/v2\/pages\/107","targetHints":{"allow":["GET"]}}],"collection":[{"href":"https:\/\/moebel-schroeder.net\/index.html\/wp-json\/wp\/v2\/pages"}],"about":[{"href":"https:\/\/moebel-schroeder.net\/index.html\/wp-json\/wp\/v2\/types\/page"}],"author":[{"embeddable":true,"href":"https:\/\/moebel-schroeder.net\/index.html\/wp-json\/wp\/v2\/users\/1"}],"replies":[{"embeddable":true,"href":"https:\/\/moebel-schroeder.net\/index.html\/wp-json\/wp\/v2\/comments?post=107"}],"version-history":[{"count":7,"href":"https:\/\/moebel-schroeder.net\/index.html\/wp-json\/wp\/v2\/pages\/107\/revisions"}],"predecessor-version":[{"id":216,"href":"https:\/\/moebel-schroeder.net\/index.html\/wp-json\/wp\/v2\/pages\/107\/revisions\/216"}],"wp:attachment":[{"href":"https:\/\/moebel-schroeder.net\/index.html\/wp-json\/wp\/v2\/media?parent=107"}],"curies":[{"name":"wp","href":"https:\/\/api.w.org\/{rel}","templated":true}]}}